*d**2 - 38*d + 88. Let u(b) = 5*a(b) - 6*y(b). What is u(26)?
-31
Let x(d) = 4*d - 10. Suppose -7*k + 144 = 2*k. Let g be x(k). Let o = -55 + g. Let q(p) = 4*p**2. Give q(o).
4
Let v(w) = -w**3 + 12*w**2 - 13*w + 21. Let y be (21/(21/20) - 1) + -8. Calculate v(y).
-1
Suppose 4*j = -4*t - 4, -2*j = t - 3*j - 3. Suppose 3*d + 7 = -5, u + 2*d + 8 = 0. Let z(y) = u - 3 - t - 2*y. Give z(-7).
10
Let b(o) = -o + 3*o + 3 + o**2 - 2*o**2 - 1. Let j = 1144 - 1146. Calculate b(j).
-6
Let r = -15 - -23. Suppose 3*n + 22 = 133. Let o(q) = 2 + 42*q + 1 - q**2 - n*q + 6. Determine o(r).
-15
Let i(y) = 11*y**2 - 4. Let t(f) = 9*f**2 + f - 3. Let u = 129 + -124. Let k(a) = u*i(a) - 6*t(a). What is k(6)?
-2
Suppose 0 = -2*u - 0*s + 4*s + 18, -8 = -2*u - s. Suppose 10*d - 55 + u = 0. Let l(c) = -c**3 + 6*c**2 - 4*c - 6. What is l(d)?
-1
Suppose -4*v + 3*j + 723 = 0, 556 = -2*v + 5*v - 5*j. Let t(z) = 100 - v + 94 + z. What is t(-15)?
2
Suppose -49*o + 19*o + 21*o = 0. Let f(s) = s + 11. Let h(n) = -2*n - 12. Let l(b) = -3*f(b) - 2*h(b). Give l(o).
-9
Let u(p) be the second derivative of -p**3/2 + 17*p**2/2 + 42*p. Let d(a) = a**3 + 4*a**2 - 19*a. Let b be d(3). Determine u(b).
-1
Suppose -5*r = 2*r + 140. Let t be (-90)/r*(-4)/(-2). Let m be 0/(((-4)/(-6))/((-3)/t)). Let d(k) = k**2 - k + 1. Calculate d(m).
1
Let s be 128/22 - (-50)/275. Let f(q) = -q**2 + q - 4. Let u(o) = -o**2 - 6. Let r(g) = -6*f(g) + 5*u(g). Give r(s).
-6
Let f = -1234 - -1298. Suppose 459*w = 491*w - f. Let g(z) be the third derivative of z**4/8 - z**3/2 - z**2. What is g(w)?
3
Let x(w) be the second derivative of -w**5/40 + w**4/4 - 34*w**3/3 + 3*w. Let o(r) be the second derivative of x(r). Calculate o(-6).
24
Let h(d) = d**3 + 5*d**2 + 12*d + 32. Let f(q) = q**2 + 7*q - 4. Let o be f(0). Let m be h(o). Let k(g) = -g**2 - g + 5. Determine k(m).
5
Suppose 2*n = n - 6. Let t(u) = 11*u**2 - 8*u - 1. Let f(x) = 36*x**2 - 24*x - 2. Let m(h) = 4*f(h) - 13*t(h). Calculate m(n).
-7
Let q(t) = -t**3 + 5*t - 4*t**2 + t - 6*t. Let d = -1213 + 1209. What is q(d)?
0
Let q(b) = -2*b - 46. Let c = -5173 + 5149. Calculate q(c).
2
Let n(l) be the first derivative of -l**4/4 - 4*l**3/3 + 11*l**2 - 3*l + 4598. Determine n(-7).
-10
Let u(v) = -7*v + 17. Let b(t) = -t**2 + 47*t - 530. Let r be b(28). Calculate u(r).
3
Let m(f) be the second derivative of -f**5/20 + f**4 - 3*f**3/2 - 17*f**2/2 + 700*f. Calculate m(11).
5
Let p(f) = -34 - 2*f + 12 + 6 + 3*f + 10. What is p(-5)?
-11
Suppose 189*c - 193*c = -320. Let q(h) = -c*h + h**3 + 6*h**2 + 80*h + 4. Let g be -8 - 0 - (3 - 5). Determine q(g).
4
Let n(s) = 7 - 5 - 5 + 2 - 10 - s. Let j(m) = 2*m**2 - 6*m - 5. Let h be j(5). Let x be (-65)/h + (-6)/9. Determine n(x).
-6
Let u(v) = -67*v + 342. Let x = -502 + 507. Let k be u(x). Let m(l) = l**2 - 11*l + 7. Calculate m(k).
-21
Let h be (10*(-12)/(-75))/((-1)/(-35)). Suppose -2*b = -5*b + 5*f + h, -2*b = 4*f - 8. Let l be (-40)/b*(12/15 + -2). Let r(o) = 4*o - 3. Determine r(l).
13
Suppose 32*y - 29*y = -3, 0 = 3*m + 4*y + 106. Let h(b) = -b**2 - 42*b - 272. What is h(m)?
0
Let w(s) = -s**2 + 9*s**2 + 16 - 26*s**3 + 27*s**3 - 2 + 13*s + 0. Give w(-6).
8
Let u(i) = -i + 18. Let h be u(11). Suppose 0 = -3*w - h*w + 120. Let c(l) = w - 2*l - 1 - 1 + l. Determine c(5).
5
Let l(w) = -312*w - 27. Let y(g) = 374*g + 29. Let h(p) = 6*l(p) + 5*y(p). What is h(-28)?
39
Let u(k) be the third derivative of k**5/30 + 3*k**4/8 + k**3/2 + 157*k**2 + 7*k. Determine u(5).
98
Let m(t) = -10*t - 4. Let y(o) be the second derivative of 17*o**3 + 21*o**2 + 46*o. Let f(l) = -21*m(l) - 2*y(l). Determine f(-4).
-24
Let o(g) = -76*g - 6*g**2 + 39*g - 64 + 35*g + g**3 + 57. What is o(6)?
-19
Suppose 120*h = 118*h - 982. Let x = h - -483. Let i(b) = 3*b + 16. What is i(x)?
-8
Let n(c) = 72*c - 7. Let r(p) = 31*p - 4. Let q(s) = 2*n(s) - 5*r(s). Calculate q(-4).
50
Let z(h) = -2*h - 15. Suppose -4*w - 2966 = -3206. Suppose -5*n = v + w, -64*n + 16 = -65*n - v. What is z(n)?
7
Let f(r) = 2*r**2 - 7*r + 7. Let c(z) = 7*z**2 + 9*z - 1. Let h(x) = c(x) - f(x). Determine h(-4).
8
Let s(b) = 2*b**2 - 15*b - 29. Suppose -2*h = -4*g + 34, 4 = -70*h + 74*h. Give s(g).
-2
Let i(m) = -7*m + 9 + 165*m**2 - 479*m**2 + 0*m + 158*m**2 + 157*m**2. Determine i(2).
-1
Let f(a) be the third derivative of 31*a**5/60 + a**4/4 + a**3/2 + 4943*a**2. Give f(-1).
28
Let l(q) = 11*q + 1. Let c(i) = 20*i + 2. Suppose f + 2*v = -5, -2*f + 2*v - 10 = -v. Let y(b) = f*l(b) + 2*c(b). Calculate y(-1).
14
Let o be (10/15*2)/((-4)/(-6)). Let s(u) = 22 - 22 - o*u. Let i be s(3). Let b(h) = -h**2 - 5*h + 2. Determine b(i).
-4
Let f(g) = 27 + 3*g**2 + 3*g**2 - 5*g**2 + 0*g**2 + 13*g. Let h be f(-10). Let s(y) = 1 - 3 + 0 + 4 + y**2 + 4*y. What is s(h)?
-1
Let z(p) be the third derivative of p**4/6 - 26*p**3/3 - 12*p**2 + 2*p - 4. Calculate z(12).
-4
Let z(p) = p**2 + 7*p + 6. Let y be z(-6). Suppose -4*w = 4*q - 692, 176 = w - 3*q + 7*q. Let x(a) = a**2 + w*a - 173*a + 9 + 1. Determine x(y).
10
Let z(u) = -u**3 - 7*u**2 + 5*u + 8. Suppose 0 = 121*m - 5*m + 812. Calculate z(m).
-27
Let m(u) = -u**3 + 6*u**2 + 10*u - 6. Let j(c) be the first derivative of -c**4/4 - c**3 + c**2/2 - 5*c - 237. Let o be j(-4). What is m(o)?
15
Let u(r) = r**2 - 2*r - 1. Let k be (-7)/(-1) + (-12)/3. Suppose 0 = -k*i, v + 2*i - 122 = -v. Let d = 64 - v. Calculate u(d).
2
Suppose 15*h - 14*h = -9. Let p(j) = j**3 + 11*j**2 + 21*j + 15. What is p(h)?
-12
Suppose 15*b - 913 = 2057. Let o = b - 192. Let t(z) = z**2 - 4*z. Determine t(o).
12
Let x(a) = -a**3 - 6*a**2 - 5*a + 7. Let p = -34071 - -34067. Calculate x(p).
-5
Let c = 4 + 8. Suppose -c + 3 = -3*n. Let b(q) be the first derivative of -q**3/3 + 3*q**2/2 - 3*q - 125. What is b(n)?
-3
Let b be ((-182)/13 - -14)*(-7)/(-14). Let u(s) = 0*s**2 + 2 + s**2 + 22. Calculate u(b).
24
Let s be 12/(-33) + (-7 - (-2107)/77). Let j(l) = l**2 - 19*l - 47. Determine j(s).
-27
Let m(t) = -t**3 - 16*t**2 + 18*t - 18. Suppose -13*o = 1813 - 1592. What is m(o)?
-35
Let z(j) be the second derivative of 2*j**3/3 + j**2/2 + 11572*j. Let c(i) = i**3 - 2*i**2 + i. Let w be c(1). Suppose -3*r + 3 = -w. Give z(r).
5
Let y = -2130 + 1216. Let m = y - -919. Let h(n) = -2*n + 6. Give h(m).
-4
Let z(n) be the first derivative of 0*n - 165 + 1/2*n**2 + 3*n**3. Determine z(-1).
8
Let g be ((-40)/(-15))/((-4)/(-6)). Let c(r) = r**3 - 7*r**2 + 10*r - 6. Let y(p) = p**3 - 5*p**2 + 3*p - 3. Let s(t) = c(t) - 2*y(t). What is s(g)?
0
Let d(o) = 1151*o - 1 - 1 + 1150*o - 2270*o. Give d(0).
-2
Let s be 7/(0 + 3/(-21)). Let n = s - -69. Suppose 3*t + 6 = 3*h - 4*h, 5*t = -n. Let r(o) = o**3 - 5*o**2 - 6*o + 1. Give r(h).
1
Let f(r) = 2*r - 1403. Let l(p) = -p + 649. Let a(t) = 6*f(t) + 13*l(t). What is a(19)?
0
Let g(h) = 2*h + 3. Let u be (-16)/3 - (-8 + 13)/(-15). Let y be 6 - -3*(6 - (-25)/u). What is g(y)?
21
Let h(m) be the first derivative of -m**4/4 + 13*m**3/3 + 3*m**2 - 3*m - 4966. Determine h(13).
75
Let v(u) = -11*u**2 + 3*u - 4. Suppose -l - 47*i + 45*i + 4 = 0, -3*l - 2*i = -8. What is v(l)?
-42
Suppose -372*m - 786 = 1818. Let w(r) = r**3 + 5*r**2 - 2*r + 75. Give w(m).
-9
Let z(t) be the second derivative of t**3 - 39*t + 1/12*t**4 + 3/2*t**2 + 0. Suppose -5*y + 3*y = 5*u - 7, -6 = -2*u. Calculate z(y).
-5
Let l(p) be the third derivative of 47*p**4/8 + 427*p**3/6 + 14266*p**2. Determine l(-3).
4
Suppose 57*y + 12 = 60*y + 3*p, 0 = -5*y + 5*p + 20. Let o(r) = 15*r - 34. Give o(y).
26
Let f(n) = 24*n**2 + 34*n**2 - 5*n + 19*n**2 + 10 - 78*n**2 - 4. Suppose 0*o + 3*o = -18. What is f(o)?
0
Let g(c) = c**2 + 6*c - 3. Let b(s) = -s**3 + 3*s**2 + 5*s + 3. Let h be b(-3). Let v = 62 - h. Suppose -9*u - 10 = 2*w - 4*u, -5*u - v = 4*w. Give g(w).
-8
Let y(v) be the first derivative of v**4/4 + 4*v**3/3 + v**2/2 - v + 3888. Let h(z) = -3*z**3 + 2*z**2 - 1. Let l be h(1). Determine y(l).
5
Let d(i) = -i**2 + 3*i - 1. Suppose -5*b = -m + 3, b - 9 = -b - 3*m. Suppose -2*g + b*g + 4 = 0. Let h be d(g). Let l(r) = -10*r + 1. What is l(h)?
-9
Let y(m) = 5 + 7*m - m - 1. Let a be y(-1). Let d(j) be the first derivative of -3*j**2/2 - j - 4. Give d(a).
5
Let z(x) be the first derivative of 10*x**3/3 - 3*x + 1753. Calculate z(2).
37
Let x(d) be the third derivative of -d**8/4032 + d